 is 10 + -10011122202?
-10011122122
In base 3, what is -122021012 - -11?
-122021001
In base 11, what is 22 + 147a?
14a1
In base 7, what is -1 - -3333?
3332
In base 8, what is 1 - -74364?
74365
In base 16, what is -19215d + -4?
-192161
In base 10, what is 62 + -67584?
-67522
In base 13, what is -2279 - 4?
-2280
In base 9, what is 4221 + 1?
4222
In base 8, what is -32400 - 141?
-32541
In base 9, what is -4474 + 333?
-4141
In base 12, what is -9 + -19983?
-19990
In base 13, what is 11428 + -5?
11423
In base 2, what is 10111110001100001 - -1?
10111110001100010
In base 9, what is -11762334 - 5?
-11762340
In base 4, what is 0 - -2331310123?
2331310123
In base 2, what is -10 - -10100011110000?
10100011101110
In base 13, what is -a48 - 25b?
-ca6
In base 2, what is -101000101110 + -110?
-101000110100
In base 5, what is 1 + 1314?
1320
In base 5, what is -3 + -33123321?
-33123324
In base 8, what is -26067 - -34?
-26033
In base 10, what is -5 - -13161?
13156
In base 9, what is -2105 - -2201?
85
In base 4, what is -2012 - 1302301?
-1310313
In base 11, what is -7361 - 84?
-7435
In base 3, what is -10111210112 - 12?
-10111210201
In base 9, what is -5 + -6558?
-6564
In base 13, what is 5 - 432c?
-4327
In base 15, what is c + 2687?
2694
In base 7, what is -466 - 315?
-1114
In base 7, what is 145052 + 4?
145056
In base 6, what is 4 + -15333404?
-15333400
In base 6, what is 1501253 + 1?
1501254
In base 8, what is -17435 - 74?
-17531
In base 7, what is 0 + 4460416?
4460416
In base 8, what is 11 - 512730?
-512717
In base 5, what is 220 + -42412?
-42142
In base 6, what is -342320 - 1?
-342321
In base 11, what is 5 - -312484?
312489
In base 6, what is -5 + -215505?
-215514
In base 13, what is -1 - -a5466?
a5465
In base 6, what is 45243 + -13?
45230
In base 2, what is -10000100011 + 1011001001?
-101011010
In base 16, what is -3f943 + -1?
-3f944
In base 9, what is -131 + -13705?
-13836
In base 4, what is -33 - -113210?
113111
In base 6, what is 42550 - -22?
43012
In base 13, what is 176226 + 5?
17622b
In base 10, what is 268981 - 3?
268978
In base 5, what is -120023 - -213?
-114310
In base 8, what is -30230 - 15?
-30245
In base 13, what is -5bc6 - 5?
-5bcb
In base 4, what is -12301 + -1233?
-20200
In base 2, what is 11 - -110010001111110?
110010010000001
In base 16, what is f90 + -4?
f8c
In base 14, what is -137 + -1a0b?
-1b44
In base 8, what is 222467 - 36?
222431
In base 6, what is -4 - -450040?
450032
In base 3, what is 1011 + -100120022?
-100112011
In base 10, what is 11 - -1004?
1015
In base 10, what is -80 + -1445?
-1525
In base 15, what is 3 - -edae?
edb2
In base 4, what is 1201 + -10001?
-2200
In base 12, what is -45a04b + -4?
-45a053
In base 6, what is -2313451 - -4?
-2313443
In base 8, what is 1455 + 730?
2405
In base 9, what is -6313 + 7?
-6305
In base 12, what is -52 + -42b1?
-4343
In base 12, what is -1 - -5b113?
5b112
In base 8, what is 1536714 + -3?
1536711
In base 16, what is 0 + 2e50a?
2e50a
In base 5, what is 1 + -321404?
-321403
In base 11, what is 78 - 229?
-161
In base 5, what is -110000 + 3?
-104442
In base 12, what is -206 + a236?
a030
In base 10, what is -30 - -2447?
2417
In base 2, what is 101101011 + -11111110100?
-11010001001
In base 13, what is -982 - b?
-990
In base 6, what is 132 + -301315?
-301143
In base 2, what is -110010011 + -1111001?
-1000001100
In base 13, what is -1044 + 24?
-1020
In base 5, what is -203001 + 102?
-202344
In base 15, what is -1 - 495?
-496
In base 11, what is -3 - -566093?
566090
In base 13, what is -46c + 3?
-469
In base 13, what is -2 + 730b?
7309
In base 12, what is 169 + 3a?
1a7
In base 15, what is b94d + 4?
b952
In base 4, what is 1202310022 - 0?
1202310022
In base 15, what is -216 + -263?
-479
In base 16, what is 2 + 1f8a?
1f8c
In base 15, what is 255 - -8d?
2e3
In base 6, what is 4 - 1414254?
-1414250
In base 16, what is 5 + -237a?
-2375
In base 3, what is 11002020220 - 22?
11002020121
In base 6, what is 1101 + -102?
555
In base 8, what is -214 + 452?
236
In base 15, what is 5 + 286ce?
286d4
In base 4, what is 10022022 - 21?
10022001
In base 3, what is 220221 - 1221?
212000
In base 8, what is 15464761 + -5?
15464754
In base 11, what is -1822 + 32?
-17a0
In base 5, what is 34 + 2424032?
2424121
In base 11, what is -5 - -2a27a?
2a275
In base 4, what is -11 + 10030100311?
10030100300
In base 2, what is -11111010000110000 - -110?
-11111010000101010
In base 9, what is 22153 + -8?
22144
In base 5, what is -4 - -140104?
140100
In base 8, what is -123 + -10771?
-11114
In base 9, what is 6 - 4640?
-4633
In base 6, what is 4 - 511353?
-511345
In base 6, what is -210 + 5421?
5211
In base 13, what is -5b16a - 2?
-5b16c
In base 2, what is 110110000100100110 + 10?
110110000100101000
In base 4, what is -20302 + -1132?
-22100
In base 2, what is 11100101001010 + 1?
11100101001011
In base 3, what is 210 - -221002?
221212
In base 14, what is 16 + 27462?
27478
In base 14, what is -599 - -3c?
-55b
In base 7, what is 123452135 - 0?
123452135
In base 11, what is -23 + -176?
-199
In base 16, what is 4387 - 0?
4387
In base 15, what is -5 - dc81?
-dc86
In base 6, what is -5 - 1044515?
-1044524
In base 14, what is 3 - -7620?
7623
In base 2, what is 0 + 1001010001111100?
1001010001111100
In base 3, what is 1202002 - 200?
1201102
In base 15, what is -2 + 2570?
256d
In base 10, what is -1 - -30459?
30458
In base 9, what is -15850 - -15?
-15834
In base 14, what is -93ac - -4?
-93a8
In base 4, what is -2223010 + 13?
-2222331
In base 9, what is -1644 + 17?
-1626
In base 6, what is 30430 + -2514?
23512
In base 6, what is 2 - 302002?
-302000
In base 9, what is -101 - -1121?
1020
In base 3, what is 100001101012110 - -2?
100001101012112
In base 11, what is -1 + -42a024?
-42a025
In base 12, what is 14 - -44050?
44064
In base 6, what is -1 + 4055142?
4055141
In base 5, what is 0 + 134404?
134404
In base 9, what is 174647 - 7?
174640
In base 16, what is -10f - 1a9?
-2b8
In base 7, what is -21 - 21116?
-21140
In base 11, what is 1140 + 527?
1667
In base 11, what is 148 - 63?
95
In base 14, what is 4 - -8bd84?
8bd88
In base 4, what is 2331300 + 33?
2331333
In base 13, what is -99 - 550?
-619
In base 5, what is -31301 + -10112?
-41413
In base 3, what is -212210021 - -1112?
-212201202
In base 12, what is -3 + -443666?
-443669
In base 6, what is -551050 - 10?
-551100
In base 3, what is 1010212221 + -11?
1010212210
In base 7, what is 22 - -15422?
15444
In base 6, what is 2051550 + 2?
2051552
In base 11, what is 9556 - 3?
9553
In base 12, what is -248009 + 5?
-248004
In base 14, what is -7013 - 4?
-7017
In base 9, what is -16833 + -20?
-16853
In base 14, what is -2d7a9 + 2?
-2d7a7
In base 4, what is 300133 + 111?
300310
In base 3, what is 2 - 202220110?
-202220101
In base 3, what is -1011010 + -102110?
-1120120
In base 4, what is -130 - -200213322?
200213132
In base 8, what is 364 - -620?
1204
In base 13, what is 3 - 4cc32?
-4cc2c
In base 10, what is -540498 - -4?
-540494
In base 6, what is 11 - -335200?
335211
In base 8, what is -21157 + 133?
-21024
In base 15, what is 7 + 1cb?
1d3
In base 3, what is -121002022 + -202?
-121010001
In base 9, what is 4 + -57701?
-57686
In base 11, what is 4 - 2895?
-2891
In base 2, what is -1 - 11011101010110000?
-11011101010110001
In base 13, what is 96 + -7a5?
-70c
In base 16, what is 0 - 1f00f?
-1f00f
In base 14, what is -4 - -3bd64?
3bd60
In base 7, what is 352523 + -101?
352422
In base 5, what is 4 - -2200112?
2200121
In base 10, what is 5 - -117387?
117392
In base 3, what is -11101222 + 10001?
-11021221
In base 9, what is 46 - 481?
-434
In base 12, what is -332 - -1b97?
1865
In base 4, what is -202 + 131130?
130322
In base 3, what is -120102220000 - 0?
-120102220000
In base 16, what is 4 - f96d?
-f969
In base 10, what is 0 + 325930?
325930
In base 12, what is -108925 - -2?
-108923
In base 9, what is 113 - -31722?
31835
In base 7, what is -6045 - 200?
-6245
In base 6, what is 1 + 34501?
34502
In base 5, what is 303232 - 22?
303210
In base 10, what is -13854 - -28?
-13826
In base 9, what is -51380 + -4?
-51384
In base 10, what is -839135 - 1?
-839136
In base 7, what is -1100424 + -1?
-1100425
In base 7, what is 16 - 4446?
-4430
In base 16, what is -36edf8 + 0?
-36edf8
In base 12, what is 12838 - 6?
12832
In base